{"id":533,"date":"2024-02-01T15:42:38","date_gmt":"2024-02-01T14:42:38","guid":{"rendered":"https:\/\/condevauxtp-perrignier.fr\/?page_id=533"},"modified":"2024-08-13T11:10:16","modified_gmt":"2024-08-13T09:10:16","slug":"politique-de-cookies","status":"publish","type":"page","link":"https:\/\/condevauxtp-perrignier.fr\/index.php\/politique-de-cookies\/","title":{"rendered":"Politique de cookies"},"content":{"rendered":"\t\t<div data-elementor-type=\"wp-page\" data-elementor-id=\"533\" class=\"elementor elementor-533\">\n\t\t\t\t<div class=\"elementor-element elementor-element-fd5deba e-flex e-con-boxed e-con e-parent\" data-id=\"fd5deba\" data-element_type=\"container\" data-e-type=\"container\">\n\t\t\t\t\t<div class=\"e-con-inner\">\n\t\t\t\t<div class=\"elementor-element elementor-element-5b9c375 elementor-widget elementor-widget-html\" data-id=\"5b9c375\" data-element_type=\"widget\" data-e-type=\"widget\" data-widget_type=\"html.default\">\n\t\t\t\t<div class=\"elementor-widget-container\">\n\t\t\t\t\t<style>\n    a.cky-banner-element {\n        padding: 8px 30px;\n        background: #F8F9FA;\n        color: #858A8F;\n        border: 1px solid #DEE2E6;\n        box-sizing: border-box;\n        border-radius: 2px;\n        cursor: pointer;\n}\n<\/style>\n<h1 class=\"cookie-policy-h1\">Politique de cookies<\/h1>\n<p>\n    Date effective : 01-Feb-2024 <br>\n    Derni\u00e8re r\u00e9vision : 01-Feb-2024\n<\/p>\n\n&nbsp;\n<h3>Que sont les cookies ?<\/h3>\n<div class=\"cookie-policy-p\"><p>Cette politique en mati\u00e8re de cookies explique ce que sont les cookies et comment nous les utilisons, les types de cookies que nous utilisons, c'est-\u00e0-dire les informations que nous collectons \u00e0 l'aide des cookies et comment ces informations sont utilis\u00e9es, et comment g\u00e9rer les param\u00e8tres des cookies.<\/p><p><\/p>Les cookies sont de petits fichiers texte utilis\u00e9s pour stocker de petites informations. Ils sont stock\u00e9s sur votre appareil lorsque le site Internet est charg\u00e9 sur votre navigateur. Ces cookies nous aident \u00e0 faire fonctionner le site Web correctement, \u00e0 le rendre plus s\u00e9curis\u00e9, \u00e0 offrir une meilleure exp\u00e9rience utilisateur, \u00e0 comprendre les performances du site Web et \u00e0 analyser ce qui fonctionne et o\u00f9 il doit \u00eatre am\u00e9lior\u00e9.<\/p><\/div>\n\n&nbsp;\n<h3>Comment utilisons-nous les cookies ?<\/h3>\n<div class=\"cookie-policy-p\"><p>Comme la plupart des services en ligne, notre site Web utilise des cookies propri\u00e9taires et tiers \u00e0 plusieurs fins. Les cookies de premi\u00e8re partie sont pour la plupart n\u00e9cessaires au bon fonctionnement du site Web et ils ne collectent aucune de vos donn\u00e9es personnelles identifiables.<\/p><\/p>Les cookies tiers utilis\u00e9s sur notre site Web servent principalement \u00e0 comprendre les performances du site Web, la fa\u00e7on dont vous interagissez avec notre site Web, \u00e0 assurer la s\u00e9curit\u00e9 de nos services, \u00e0 fournir des publicit\u00e9s qui vous int\u00e9ressent et, dans l'ensemble, \u00e0 vous offrir un utilisateur meilleur et am\u00e9lior\u00e9. exp\u00e9rience et vous aider \u00e0 acc\u00e9l\u00e9rer vos futures interactions avec notre site Web.<\/p><\/div>\n\n&nbsp;\n    <h3>Politique de Cookies<\/h3>\n\n    <div class=\"cky-audit-table-element\"><\/div>\n\n&nbsp;\n    <h4 style=\"margin-bottom:20px;\">G\u00e9rer les pr\u00e9f\u00e9rences de cookies<\/h4>\n\n    <a class=\"cky-banner-element\">R\u00e9glages des cookies<\/a> <br\/>\n\n    <div><p  style=\"margin-top:20px;\">Vous pouvez modifier vos pr\u00e9f\u00e9rences en mati\u00e8re de cookies \u00e0 tout moment en cliquant sur le bouton ci-dessus. Cela vous permettra de revoir la banni\u00e8re de consentement aux cookies et de modifier vos pr\u00e9f\u00e9rences ou de retirer votre consentement imm\u00e9diatement.<\/p><p>En plus de cela, diff\u00e9rents navigateurs proposent diff\u00e9rentes m\u00e9thodes pour bloquer et supprimer les cookies utilis\u00e9s par les sites Web. Vous pouvez modifier les param\u00e8tres de votre navigateur pour bloquer\/supprimer les cookies. Vous trouverez ci-dessous les liens vers les documents d'assistance sur la fa\u00e7on de g\u00e9rer et de supprimer les cookies des principaux navigateurs Web.<\/p><p>Chrome: <a target=\"_blank\" rel=\"noopener noreferrer\" href=\"https:\/\/support.google.com\/accounts\/answer\/32050\">https:\/\/support.google.com\/accounts\/answer\/32050<\/a><\/p><p>Safari: <a target=\"_blank\" rel=\"noopener noreferrer\" href=\"https:\/\/support.apple.com\/en-in\/guide\/safari\/sfri11471\/mac\">https:\/\/support.apple.com\/en-in\/guide\/safari\/sfri11471\/mac<\/a><\/p><p>Firefox: <a target=\"_blank\" rel=\"noopener noreferrer\" href=\"https:\/\/support.mozilla.org\/en-US\/kb\/clear-cookies-and-site-data-firefox?redirectslug=delete-cookies-remove-info-websites-stored&amp;redirectlocale=en-US\">https:\/\/support.mozilla.org\/en-US\/kb\/clear-cookies-and-site-data-firefox?redirectslug=delete-cookies-remove-info-websites-stored&amp;redirectlocale=en-US<\/a><\/p><p>Internet Explorer: <a target=\"_blank\" rel=\"noopener noreferrer\" href=\"https:\/\/support.microsoft.com\/en-us\/topic\/how-to-delete-cookie-files-in-internet-explorer-bca9446f-d873-78de-77ba-d42645fa52fc\">https:\/\/support.microsoft.com\/en-us\/topic\/how-to-delete-cookie-files-in-internet-explorer-bca9446f-d873-78de-77ba-d42645fa52fc<\/a><\/p><p>Si vous utilisez un autre navigateur Web, veuillez consulter les documents d'assistance officiels de votre navigateur.<\/p><\/div>\n\n\n&nbsp;\n<p class=\"cookie-policy-p\">\n    Politique de cookies g\u00e9n\u00e9r\u00e9e par  <a target=\"_blank\" href=\"https:\/\/www.cookieyes.com\/?utm_source=CP&utm_medium=footer&utm_campaign=UW\">CookieYes - Cookie Policy Generator<\/a>.\n<\/p>\t\t\t\t<\/div>\n\t\t\t\t<\/div>\n\t\t\t\t\t<\/div>\n\t\t\t\t<\/div>\n\t\t\t\t<\/div>\n\t\t","protected":false},"excerpt":{"rendered":"<p>Politique de cookies Date effective : 01-Feb-2024 Derni\u00e8re r\u00e9vision : 01-Feb-2024 &nbsp; Que sont les cookies ? Cette politique en mati\u00e8re de cookies explique ce&hellip;<\/p>\n","protected":false},"author":4,"featured_media":0,"parent":0,"menu_order":0,"comment_status":"closed","ping_status":"open","template":"","meta":{"footnotes":""},"class_list":["post-533","page","type-page","status-publish","hentry"],"yoast_head":"<!-- This site is optimized with the Yoast SEO plugin v27.4 - https:\/\/yoast.com\/product\/yoast-seo-wordpress\/ -->\n<title>Politique de Cookies | Condevaux Terrassement<\/title>\n<meta name=\"description\" content=\"Apprenez-en plus sur l&#039;utilisation des cookies sur notre site et comment Condevaux TP utilise ces technologies pour am\u00e9liorer votre exp\u00e9rience utilisateur. Lisez notre politique de cookies pour plus de d\u00e9tails.\" \/>\n<meta name=\"robots\" content=\"index, follow, max-snippet:-1, max-image-preview:large, max-video-preview:-1\" \/>\n<link rel=\"canonical\" href=\"https:\/\/condevauxtp-perrignier.fr\/index.php\/politique-de-cookies\/\" \/>\n<meta property=\"og:locale\" content=\"fr_FR\" \/>\n<meta property=\"og:type\" content=\"article\" \/>\n<meta property=\"og:title\" content=\"Politique de Cookies | Condevaux Terrassement\" \/>\n<meta property=\"og:description\" content=\"Apprenez-en plus sur l&#039;utilisation des cookies sur notre site et comment Condevaux TP utilise ces technologies pour am\u00e9liorer votre exp\u00e9rience utilisateur. Lisez notre politique de cookies pour plus de d\u00e9tails.\" \/>\n<meta property=\"og:url\" content=\"https:\/\/condevauxtp-perrignier.fr\/index.php\/politique-de-cookies\/\" \/>\n<meta property=\"og:site_name\" content=\"Condevaux TP Perrignier\" \/>\n<meta property=\"article:modified_time\" content=\"2024-08-13T09:10:16+00:00\" \/>\n<meta name=\"twitter:card\" content=\"summary_large_image\" \/>\n<meta name=\"twitter:label1\" content=\"Dur\u00e9e de lecture estim\u00e9e\" \/>\n\t<meta name=\"twitter:data1\" content=\"2 minutes\" \/>\n<script type=\"application\/ld+json\" class=\"yoast-schema-graph\">{\"@context\":\"https:\\\/\\\/schema.org\",\"@graph\":[{\"@type\":\"WebPage\",\"@id\":\"https:\\\/\\\/condevauxtp-perrignier.fr\\\/index.php\\\/politique-de-cookies\\\/\",\"url\":\"https:\\\/\\\/condevauxtp-perrignier.fr\\\/index.php\\\/politique-de-cookies\\\/\",\"name\":\"Politique de Cookies | Condevaux Terrassement\",\"isPartOf\":{\"@id\":\"https:\\\/\\\/condevauxtp-perrignier.fr\\\/#website\"},\"datePublished\":\"2024-02-01T14:42:38+00:00\",\"dateModified\":\"2024-08-13T09:10:16+00:00\",\"description\":\"Apprenez-en plus sur l'utilisation des cookies sur notre site et comment Condevaux TP utilise ces technologies pour am\u00e9liorer votre exp\u00e9rience utilisateur. Lisez notre politique de cookies pour plus de d\u00e9tails.\",\"breadcrumb\":{\"@id\":\"https:\\\/\\\/condevauxtp-perrignier.fr\\\/index.php\\\/politique-de-cookies\\\/#breadcrumb\"},\"inLanguage\":\"fr-FR\",\"potentialAction\":[{\"@type\":\"ReadAction\",\"target\":[\"https:\\\/\\\/condevauxtp-perrignier.fr\\\/index.php\\\/politique-de-cookies\\\/\"]}]},{\"@type\":\"BreadcrumbList\",\"@id\":\"https:\\\/\\\/condevauxtp-perrignier.fr\\\/index.php\\\/politique-de-cookies\\\/#breadcrumb\",\"itemListElement\":[{\"@type\":\"ListItem\",\"position\":1,\"name\":\"Accueil\",\"item\":\"https:\\\/\\\/condevauxtp-perrignier.fr\\\/\"},{\"@type\":\"ListItem\",\"position\":2,\"name\":\"Politique de cookies\"}]},{\"@type\":\"WebSite\",\"@id\":\"https:\\\/\\\/condevauxtp-perrignier.fr\\\/#website\",\"url\":\"https:\\\/\\\/condevauxtp-perrignier.fr\\\/\",\"name\":\"Condevaux TP Perrignier\",\"description\":\"\",\"publisher\":{\"@id\":\"https:\\\/\\\/condevauxtp-perrignier.fr\\\/#organization\"},\"potentialAction\":[{\"@type\":\"SearchAction\",\"target\":{\"@type\":\"EntryPoint\",\"urlTemplate\":\"https:\\\/\\\/condevauxtp-perrignier.fr\\\/?s={search_term_string}\"},\"query-input\":{\"@type\":\"PropertyValueSpecification\",\"valueRequired\":true,\"valueName\":\"search_term_string\"}}],\"inLanguage\":\"fr-FR\"},{\"@type\":\"Organization\",\"@id\":\"https:\\\/\\\/condevauxtp-perrignier.fr\\\/#organization\",\"name\":\"Condevaux TP Perrignier\",\"url\":\"https:\\\/\\\/condevauxtp-perrignier.fr\\\/\",\"logo\":{\"@type\":\"ImageObject\",\"inLanguage\":\"fr-FR\",\"@id\":\"https:\\\/\\\/condevauxtp-perrignier.fr\\\/#\\\/schema\\\/logo\\\/image\\\/\",\"url\":\"https:\\\/\\\/condevauxtp-perrignier.fr\\\/wp-content\\\/uploads\\\/2024\\\/10\\\/Fichier-7.png\",\"contentUrl\":\"https:\\\/\\\/condevauxtp-perrignier.fr\\\/wp-content\\\/uploads\\\/2024\\\/10\\\/Fichier-7.png\",\"width\":506,\"height\":100,\"caption\":\"Condevaux TP Perrignier\"},\"image\":{\"@id\":\"https:\\\/\\\/condevauxtp-perrignier.fr\\\/#\\\/schema\\\/logo\\\/image\\\/\"}}]}<\/script>\n<!-- \/ Yoast SEO plugin. -->","yoast_head_json":{"title":"Politique de Cookies | Condevaux Terrassement","description":"Apprenez-en plus sur l'utilisation des cookies sur notre site et comment Condevaux TP utilise ces technologies pour am\u00e9liorer votre exp\u00e9rience utilisateur. Lisez notre politique de cookies pour plus de d\u00e9tails.","robots":{"index":"index","follow":"follow","max-snippet":"max-snippet:-1","max-image-preview":"max-image-preview:large","max-video-preview":"max-video-preview:-1"},"canonical":"https:\/\/condevauxtp-perrignier.fr\/index.php\/politique-de-cookies\/","og_locale":"fr_FR","og_type":"article","og_title":"Politique de Cookies | Condevaux Terrassement","og_description":"Apprenez-en plus sur l'utilisation des cookies sur notre site et comment Condevaux TP utilise ces technologies pour am\u00e9liorer votre exp\u00e9rience utilisateur. Lisez notre politique de cookies pour plus de d\u00e9tails.","og_url":"https:\/\/condevauxtp-perrignier.fr\/index.php\/politique-de-cookies\/","og_site_name":"Condevaux TP Perrignier","article_modified_time":"2024-08-13T09:10:16+00:00","twitter_card":"summary_large_image","twitter_misc":{"Dur\u00e9e de lecture estim\u00e9e":"2 minutes"},"schema":{"@context":"https:\/\/schema.org","@graph":[{"@type":"WebPage","@id":"https:\/\/condevauxtp-perrignier.fr\/index.php\/politique-de-cookies\/","url":"https:\/\/condevauxtp-perrignier.fr\/index.php\/politique-de-cookies\/","name":"Politique de Cookies | Condevaux Terrassement","isPartOf":{"@id":"https:\/\/condevauxtp-perrignier.fr\/#website"},"datePublished":"2024-02-01T14:42:38+00:00","dateModified":"2024-08-13T09:10:16+00:00","description":"Apprenez-en plus sur l'utilisation des cookies sur notre site et comment Condevaux TP utilise ces technologies pour am\u00e9liorer votre exp\u00e9rience utilisateur. Lisez notre politique de cookies pour plus de d\u00e9tails.","breadcrumb":{"@id":"https:\/\/condevauxtp-perrignier.fr\/index.php\/politique-de-cookies\/#breadcrumb"},"inLanguage":"fr-FR","potentialAction":[{"@type":"ReadAction","target":["https:\/\/condevauxtp-perrignier.fr\/index.php\/politique-de-cookies\/"]}]},{"@type":"BreadcrumbList","@id":"https:\/\/condevauxtp-perrignier.fr\/index.php\/politique-de-cookies\/#breadcrumb","itemListElement":[{"@type":"ListItem","position":1,"name":"Accueil","item":"https:\/\/condevauxtp-perrignier.fr\/"},{"@type":"ListItem","position":2,"name":"Politique de cookies"}]},{"@type":"WebSite","@id":"https:\/\/condevauxtp-perrignier.fr\/#website","url":"https:\/\/condevauxtp-perrignier.fr\/","name":"Condevaux TP Perrignier","description":"","publisher":{"@id":"https:\/\/condevauxtp-perrignier.fr\/#organization"},"potentialAction":[{"@type":"SearchAction","target":{"@type":"EntryPoint","urlTemplate":"https:\/\/condevauxtp-perrignier.fr\/?s={search_term_string}"},"query-input":{"@type":"PropertyValueSpecification","valueRequired":true,"valueName":"search_term_string"}}],"inLanguage":"fr-FR"},{"@type":"Organization","@id":"https:\/\/condevauxtp-perrignier.fr\/#organization","name":"Condevaux TP Perrignier","url":"https:\/\/condevauxtp-perrignier.fr\/","logo":{"@type":"ImageObject","inLanguage":"fr-FR","@id":"https:\/\/condevauxtp-perrignier.fr\/#\/schema\/logo\/image\/","url":"https:\/\/condevauxtp-perrignier.fr\/wp-content\/uploads\/2024\/10\/Fichier-7.png","contentUrl":"https:\/\/condevauxtp-perrignier.fr\/wp-content\/uploads\/2024\/10\/Fichier-7.png","width":506,"height":100,"caption":"Condevaux TP Perrignier"},"image":{"@id":"https:\/\/condevauxtp-perrignier.fr\/#\/schema\/logo\/image\/"}}]}},"_links":{"self":[{"href":"https:\/\/condevauxtp-perrignier.fr\/index.php\/wp-json\/wp\/v2\/pages\/533","targetHints":{"allow":["GET"]}}],"collection":[{"href":"https:\/\/condevauxtp-perrignier.fr\/index.php\/wp-json\/wp\/v2\/pages"}],"about":[{"href":"https:\/\/condevauxtp-perrignier.fr\/index.php\/wp-json\/wp\/v2\/types\/page"}],"author":[{"embeddable":true,"href":"https:\/\/condevauxtp-perrignier.fr\/index.php\/wp-json\/wp\/v2\/users\/4"}],"replies":[{"embeddable":true,"href":"https:\/\/condevauxtp-perrignier.fr\/index.php\/wp-json\/wp\/v2\/comments?post=533"}],"version-history":[{"count":10,"href":"https:\/\/condevauxtp-perrignier.fr\/index.php\/wp-json\/wp\/v2\/pages\/533\/revisions"}],"predecessor-version":[{"id":544,"href":"https:\/\/condevauxtp-perrignier.fr\/index.php\/wp-json\/wp\/v2\/pages\/533\/revisions\/544"}],"wp:attachment":[{"href":"https:\/\/condevauxtp-perrignier.fr\/index.php\/wp-json\/wp\/v2\/media?parent=533"}],"curies":[{"name":"wp","href":"https:\/\/api.w.org\/{rel}","templated":true}]}}